 -4 (base 9) in base 11?
-4
Convert -10 (base 4) to base 7.
-4
What is -3e (base 15) in base 14?
-43
What is -9a (base 11) in base 13?
-85
-1 (base 14) to base 3
-1
What is 35 (base 15) in base 8?
62
What is -3 (base 16) in base 11?
-3
What is 3 (base 7) in base 2?
11
-233 (base 11) to base 10
-278
Convert 11 (base 3) to base 11.
4
Convert 3 (base 9) to base 10.
3
What is 68 (base 9) in base 2?
111110
What is 431 (base 6) in base 15?
ad
Convert 8 (base 15) to base 10.
8
What is 9 (base 13) in base 8?
11
100 (base 5) to base 16
19
-1220 (base 3) to base 7
-102
What is 2 (base 3) in base 2?
10
What is -14 (base 7) in base 12?
-b
Convert -4 (base 14) to base 8.
-4
What is -10111 (base 2) in base 9?
-25
-2 (base 8) to base 6
-2
-2 (base 13) to base 8
-2
What is -101 (base 9) in base 12?
-6a
Convert -211 (base 6) to base 13.
-61
Convert -2 (base 7) to base 2.
-10
What is a (base 13) in base 2?
1010
10 (base 7) to base 3
21
What is 15 (base 8) in base 3?
111
What is 17 (base 9) in base 13?
13
37 (base 12) to base 10
43
Convert -31 (base 11) to base 14.
-26
Convert 0 (base 7) to base 11.
0
Convert 10 (base 2) to base 7.
2
e (base 16) to base 8
16
-51 (base 10) to base 12
-43
10 (base 11) to base 16
b
Convert 4 (base 11) to base 13.
4
Convert 14 (base 14) to base 11.
17
What is -1 (base 11) in base 14?
-1
What is 3 (base 4) in base 6?
3
63 (base 12) to base 3
2210
Convert 13 (base 15) to base 7.
24
What is -1 (base 9) in base 13?
-1
What is 3e (base 16) in base 9?
68
135 (base 6) to base 15
3e
Convert -1b (base 13) to base 11.
-22
40 (base 14) to base 7
110
38 (base 12) to base 11
40
What is -12 (base 4) in base 7?
-6
What is -20 (base 8) in base 6?
-24
What is 2300 (base 4) in base 3?
20112
What is -412 (base 6) in base 11?
-129
b7 (base 14) to base 5
1121
What is 133 (base 6) in base 9?
63
Convert 210 (base 4) to base 5.
121
-1 (base 6) to base 15
-1
What is 1a (base 15) in base 5?
100
What is 77 (base 16) in base 5?
434
Convert -114 (base 7) to base 14.
-44
Convert -1031 (base 4) to base 3.
-2212
-1 (base 2) to base 12
-1
234 (base 7) to base 6
323
-4 (base 6) to base 11
-4
Convert -2031 (base 5) to base 6.
-1122
115 (base 8) to base 7
140
What is 2111 (base 3) in base 2?
1000011
What is -6 (base 13) in base 2?
-110
bb (base 15) to base 12
128
What is 43 (base 6) in base 12?
23
What is 10101 (base 2) in base 6?
33
Convert 1 (base 5) to base 16.
1
What is -9 (base 15) in base 10?
-9
Convert -33a (base 11) to base 15.
-1c1
-11 (base 2) to base 8
-3
3 (base 14) to base 5
3
What is -13 (base 7) in base 10?
-10
-9 (base 11) to base 2
-1001
Convert 1313 (base 4) to base 13.
92
What is -1 (base 2) in base 8?
-1
Convert 114 (base 10) to base 2.
1110010
-44 (base 7) to base 15
-22
What is 3 (base 4) in base 5?
3
b (base 12) to base 4
23
Convert -10 (base 2) to base 9.
-2
-26 (base 7) to base 3
-202
Convert -2 (base 5) to base 16.
-2
-2 (base 14) to base 15
-2
What is -100 (base 6) in base 9?
-40
What is 1110 (base 3) in base 13?
30
Convert 1103 (base 4) to base 9.
102
What is -18 (base 14) in base 11?
-20
What is -38 (base 12) in base 15?
-2e
Convert -34 (base 7) to base 9.
-27
What is -3 (base 7) in base 3?
-10
100 (base 5) to base 11
23
What is -102 (base 4) in base 9?
-20
What is 61 (base 8) in base 10?
49
What is 3 (base 16) in base 7?
3
5 (base 16) to base 12
5
3 (base 4) to base 8
3
-32 (base 6) to base 9
-22
Convert -2 (base 13) to base 11.
-2
1 (base 11) to base 15
1
Convert -2b (base 13) to base 14.
-29
Convert -111001 (base 2) to base 13.
-45
What is -100120 (base 3) in base 4?
-10002
-3 (base 8) to base 16
-3
-15 (base 12) to base 11
-16
11101 (base 2) to base 15
1e
What is 2212 (base 3) in base 15?
52
5 (base 13) to base 10
5
What is -11 (base 14) in base 9?
-16
What is 13 (base 15) in base 11?
17
52 (base 11) to base 15
3c
Convert -3 (base 11) to base 6.
-3
-69 (base 11) to base 16
-4b
What is -10 (base 10) in base 2?
-1010
What is 414 (base 7) in base 15?
dc
Convert -9 (base 12) to base 6.
-13
Convert -150 (base 6) to base 13.
-51
1 (base 9) to base 13
1
What is 1 (base 10) in base 7?
1
Convert 8 (base 12) to base 6.
12
What is 28 (base 14) in base 8?
44
What is -8 (base 11) in base 8?
-10
38 (base 16) to base 13
44
What is -6 (base 13) in base 15?
-6
Convert -66 (base 10) to base 8.
-102
What is -50 (base 16) in base 2?
-1010000
Convert -56 (base 9) to base 11.
-47
What is -11 (base 11) in base 14?
-c
What is 1143 (base 6) in base 8?
427
What is 4 (base 15) in base 4?
10
Convert 433 (base 5) to base 3.
11101
What is 1 (base 15) in base 9?
1
Convert -1 (base 5) to base 2.
-1
What is -1 (base 13) in base 12?
-1
What is -8 (base 14) in base 12?
-8
147 (base 14) to base 7
520
-a (base 16) to base 7
-13
What is 12 (base 3) in base 2?
101
What is 10 (base 6) in base 11?
6
Convert 2 (base 6) to base 16.
2
Convert 7 (base 14) to base 6.
11
422 (base 5) to base 2
1110000
Convert -1 (base 14) to base 8.
-1
-11 (base 3) to base 13
-4
What is 1 (base 8) in base 16?
1
What is -10 (base 7) in base 14?
-7
24 (base 11) to base 15
1b
Convert -a (base 16) to base 12.
-a
What is 0 (base 14) in base 13?
0
3 (base 9) to base 16
3
Convert 8 (base 11) to base 13.
8
Convert -77 (base 15) to base 14.
-80
Convert -18 (base 11) to base 5.
-34
Convert 110100 (base 2) to base 11.
48
What is 1000 (base 2) in base 3?
22
-11 (base 6) to base 2
-111
-2 (base 14) to base 3
-2
Convert -3 (base 13) to base 7.
-3
Convert -202 (base 4) to base 13.
-28
-56 (base 11) to base 7
-115
Convert -100 (base 3) to base 5.
-14
-14 (base 11) to base 16
-f
What is 54 (base 6) in base 7?
46
-54 (base 15) to base 14
-59
Convert 2 (base 13) to base 8.
2
Convert -310 (base 6) to base 9.
-136
Convert 0 (base 7) to base 5.
0
What is 1 (base 13) in base 10?
1
What is 0 (base 12) in base 2?
0
What is -85 (base 10) in base 12?
-71
Convert 1016 (base 7) to base 5.
2411
Convert -2 (base 5) to base 13.
-2
-1d (base 16) to base 15
-1e
What is -10 (base 9) in base 12?
-9
What is -2 (base 9) in base 8?
-2
What is 3 (base 14) in base 10?
3
21 (base 9) to base 13
16
What is 0 (base 6) in base 9?
0
1000100 (base 2) to base 15
48
What is -14 (base 7) in base 14?
-b
-110012 (base 3) to base 5
-2304
Convert 48 (base 14) to base 15.
44
What is 12 (base 7) in base 13?
9
-12 (base 4) to base 12
-6
Convert -3 (base 6) to base 10.
-3
Convert -3 (base 13) to base 15.
-3
47 (base 9) to base 10
43
What is -55 (base 10) in base 8?
-67
What is 39 (base 13) in base 15?
33
9 (base 15) to base 14
9
Convert 4 (base 8) to base 14.
4
Convert 1110110 (base 2) to base 10.
118
What is -313 (base 4) in base 2?
-110111
-2 (base 11) to base 6
-2
Convert 11100 (base 3) to base 10.
117
What is -3 (base 16) in base 14?
-3
Convert 23 (base 7) to base 14.
13
What is -2 (base 8) in base 16?
-2
Convert 101 (base 2) to base 15.
5
-202 (base 4) to base 7
-46
What is 3 (base 6) in base 9?
3
What is 3 (base 15) in base 14?
3
Convert 20 (base 10) to base 9.
22
What is -3 (base 9) in base 2?
-11
14 (base 16) to base 10
20
What is -181 (base 10) in base 11?
-155
3 (base 11) to base 13
3
What is -1415 (base 6) in base 14?
-1c7
6 (base 10) to base 7
6
Convert 7 (base 14) to base 10.
7
Convert -231 (base 5) to base 8.
-102
Convert 1 (base 9) to base 15.
1
-125 (base 6) to base 5
-203
1 (base 15) to base 8
1
What is -1010000 (base 2) in base 4?
-1100
Convert 1010100 (base 2) to base 14.
60
What is -1253 (base 6) in base 16?
-141
-341 (base 7) to base 11
-150
What is -2 (base 15) in base 8?
-2
What is 1 (base 16) in base 2?
1
-162 (base 8) to base 15
-79
13 (base 5) to base 9
8
Convert 11 (base 3) to base 14.
4
Convert -49 (base 15) to base 10.
-69
What is -100 (base 2) in base 16?
-4
-10 (base 3) to base 7
-3
Convert -12 (base 11) to base 13.
-10
-35 (base 6) to base 8
-27
240 (base 12) to base 5
2321
-3 (base 15) to base 2
-11
2102 (base 3) to base 12
55
Convert 1 (base 7) to base 13.
1
3 (base 15) to base 14
3
What is b (base 16) in base 9?
12
100 (base 8) to base 5
224
-111101 (base 2) to base 15
-41
What is 41 (base 10) in base 8?
51
-6 (base 8) to base 14
-6
Convert 8 (base 9) to base 2.
1000
113 (base 10) to base 9
135
What is b8 (base 16) in base 12?
134
What is -13 (base 5) in base 8?
-10
What is -1 (base 13) in base 14?
-1
Convert 142 (ba